lculate 58 + 9 - 47 - (61 + (-4 - 5)).
-32
(2 - (-2 + 0 - 2)) + (-687 - -715)
34
1 + -19 + -81 + 100 - 12
-11
Calculate 0 + (18 - 11) + (-10 - -9 - -5).
11
Evaluate -37 + -12 - (-48 - -11 - -22).
-34
What is the value of 7 - (-13 + -9 + -12 + 24 - -66)?
-49
-33 + 0 + 153 + -128 + 0 + -14
-22
What is -56 + 23 + (-16 - -30) - -134?
115
Calculate -1 - 125 - (842 + -909).
-59
What is the value of (3 - 3) + (-50 - -33 - -15)?
-2
Evaluate 23 + 33 + -39 + -3 + -38 + 13.
-11
Calculate (17 - 46 - -52) + -46 + 12.
-11
What is the value of 45 + (2 - ((8 + 4 - 15) + 10)) + 9?
49
Evaluate 20 + (-53 - -18) + (0 - -27) - 61.
-49
Evaluate 88 + 23 + (-140 - -66).
37
Calculate 3 + (-36 - -55) - (-1 + 60).
-37
What is the value of -6 + (35 + 13 - 18) - -24?
48
Evaluate -9 + (-110 - 29) + (17 - -1).
-130
Calculate 52 + -48 - 10 - -23.
17
Calculate 163 - 16 - (-190 + 266).
71
Evaluate -13 + 3 + -8 + -6 + -8 + 8.
-24
-52 - (-11 + 48 + -18 + -35)
-36
What is the value of 26 + -21 - 14 - 51 - 18?
-78
(50 - 80 - -13) + (0 - -61)
44
Calculate 4630 - 4658 - (15 + 1).
-44
Evaluate -20 - (11 + -3 + 9 - 20).
-17
What is -10 + (-1649 + 1746 - (-14 + (1 - 2)))?
102
Evaluate (-6 - (-20 + -1)) + -66 + 28.
-23
(-22 - -22 - 57) + 51
-6
What is (0 - 2) + -3 + (-5323 - -5308)?
-20
Calculate 126 + 1 + (-6682 - -6614).
59
What is the value of (4 - (-3 + -12 + -4)) + (323 - 309)?
37
What is the value of (8 - (133 - 99 - (-9 - 111))) + 1 + -8?
-153
Evaluate (-4 - 1) + (-12 - (32 + -54)) - (-46 + 0).
51
What is -10 + 5 - (12 + 12 - 11)?
-18
(-12 - -1 - 0) + 10 - (38 + 4 + -8)
-35
Evaluate 14 - 4 - 14 - -9 - -6.
11
Calculate -2 - (47 + 61 + -54 + (-4 - -2)).
-54
Calculate (-7 + 0 - (0 - 2)) + 1457 + -1468.
-16
What is 33 + (-54 - -3) + 18?
0
Evaluate (7 + -16 + 12 + -1 - 1) + -68.
-67
Evaluate 1 - 56 - (3515 - 3546).
-24
Calculate -142 - (-20 - (-72 + 117)).
-77
26 + -20 + 105 - 106
5
What is the value of 35 + -3 + -16 - -2 - -14?
32
What is the value of (20 - -1 - (-477 + 503)) + -12?
-17
-17 - (15 - (-8 - -18) - 10) - -15
3
Calculate -2 - ((-3 - 22 - -16) + -29).
36
Evaluate 7 + (6 - -119) + (0 - -14) + -32.
114
What is 57 + -32 + 92 - 39?
78
Calculate 3 + (-1 - -4) + -17 + -5 + 2 + -1.
-15
Calculate -114 + 17 + 63 + -41.
-75
Calculate -16 - -86 - ((-1 - -5) + (3 - (10 - 7))).
66
Evaluate (-9 - -4 - -44) + -21 + (38 - 9).
47
-111 + 25 + 60 - (0 - 10)
-16
Calculate (18 + 23 - -22) + -50.
13
Calculate (-16 - (0 + -5)) + (86 - 68).
7
Evaluate 123 - (44 + 3 - 1).
77
38 - ((78 - 0) + -73 + (1 - (9 + -1)))
40
Calculate 560 + -588 - (-10 - 0).
-18
26 + (142 - (-147 + 280))
35
Evaluate 20 + 13 + (11 + 2 - (0 - -7) - 5).
34
What is the value of (0 - (35 + (-8 - 24))) + (0 - -53)?
50
Evaluate 3 + -97 + 428 + -348.
-14
What is -8 - (23 - (36 - 12))?
-7
What is -428 + 413 - (2 + 0 - -30)?
-47
What is -1 + -45 - ((68 - 58 - -50) + -46)?
-60
-77 + -138 + (39 - -152)
-24
2 + 16 + -3 - ((41 - -42) + -42)
-26
What is (-2 - (6 + (5 - 3))) + -69 + 67 - 7?
-19
Calculate -68 + 125 + -49 + -13.
-5
What is 187 + -17 + -211 - (-14 - -1)?
-28
Evaluate 229 + -202 + 77 + -19.
85
Evaluate -6 + 66 + (-10 - -1 - -9) + 3 + 10.
73
What is the value of -47 - (11 - (-8 + 55))?
-11
Calculate -99 - (-20 + -21 + (56 - (7 - 3))).
-110
What is 8 + (-9 - (-20 + 19)) - (-48 + 4)?
44
-31 + 9 - (0 + -24)
2
Evaluate (-7 - (-7 - -18) - -8) + 6 + -10 + 33.
19
What is -59 + (379 - 371) + -5 + (3 - 0) + 3?
-50
What is 31 - (78 + -12 - -10)?
-45
-47 - (-51 - 40) - 107
-63
Evaluate -6 + 90 - (16 + (-17 - -17) - 22).
90
Calculate 23 + -26 + (3 + (0 - 1) - 4) - 25.
-30
What is 27 + 18 + -46 + (1 + -7 - 1) + 33?
25
What is the value of 0 - -13 - (21 - (37 - -20)) - 11?
38
Evaluate (-34 - 4) + (24 - -6 - 26).
-34
What is (11 - (-1 + 6)) + -6 + (-1 - (-5 + 11))?
-7
92 + -38 + (78 - 92)
40
What is the value of (-19 + 52 - 28) + (4 - (1 + 5) - -57)?
60
What is -82 - (3 + 0 + 0) - (-298 + 282)?
-69
(-31 + -8 - (12 + -34)) + 1 - -47
31
What is the value of -6 - (5 - (52 - -1)) - (-91 + 92)?
41
What is the value of 43 + (29 - 211) - -109?
-30
Calculate -814 + 822 + -1 + -1 + 33.
39
What is (0 - -15) + 16 + -31 + 15 + -10?
5
1 - (81 + -63 - (11 + -4))
-10
Calculate 15 - ((-21 - (14 + 1)) + 2 + -7).
56
Evaluate -63 + 175 + -155 - (15 - 1).
-57
What is -10 - (-25 - (30 + -17))?
28
(110 - 116 - -20) + (-1 - 0)
13
What is the value of (1 + (1 - 2) - -49) + 8 + 1 + -3?
55
Evaluate -5 + -7 - ((-1 - -20) + (-10 - 9)).
-12
Evaluate -33 + (32 - (-16 - -30)) + 26.
11
What is the value of -4 + 0 - (-35 + 33 + 26 + -3)?
-25
Calculate -33 + 27 + (30 - 43).
-19
Calculate (-114 + 222 - 125) + 8 + -1 + -1.
-11
What is the value of 11 + (-16 - (-23 + (-5 - (-14 - 1)))) - -7?
15
What is the value of 63 + 41 - (118 - 44)?
30
Evaluate (12 - 1) + (20 - -47 - 57).
21
0 + 101 + (-13 - 0) + (-64 - -127) + -55
96
Evaluate (-132 - -113) + (-20 - (-5 - 0)).
-34
Evaluate (242 - 82) + -19 + (23 - 15).
149
What is the value of 36 + -25 + 45 + (2 - 14) - -8?
52
(0 - 64) + (-100 - 128) + 182
-110
(-340 + 334 - (0 + -12)) + (-1 - -4)
9
-44 + (23 - (-29 - -37))
-29
What is 6 + 12 + -7 + 39 + -44?
6
(92 - 111) + (7 - 9) + -1
-22
What is -12 + 309 + -385 + (-17 - 4 - -5)?
-104
(-11 - -2) + (-274 - -258)
-25
What is the value of (0 - 2 - 2) + (2423 - 2387)?
32
Evaluate 14 + -1 + -176 + 117.
-46
-20 + 34 + -4 + 102 - 25
87
Calculate 36 + -1 + 8829 + -8846.
18
What is the value of -3 + (-8 - -24) + 7 - -9?
29
36 + 64 + -155 + (2 - 11 - -2) + 1
-61
What is (-10 + 26 - (15 - (12 - 13))) + -54?
-54
Evaluate 200 + -113 - 115 - (-28 - 0).
0
What is 2 + -46 + -1942 + 1959?
-27
Calculate (9 + 6 + 0 - -2) + (0 + 1 - -5).
23
Evaluate 107 + -96 - -19 - (25 - 1).
6
Calculate -645 + 628 - (-32 + -3).
18
Evaluate 137 - (253 - 119) - (17 - (0 + 1)) - 7.
-20
Calculate -12 - ((-95 - -1) + (-16 - -43)).
55
What is 37 + 4 + 5 - (61 + (-37 - 8))?
30
Calculate 1 + 27 - (2 + 140 + -138).
24
Evaluate -129 - (-226 - (22 - 108)).
11
Calculate 13 + (-23 - -22) + -13 - -21.
20
Calculate -10 + 2 - (-6 + 36 + 48 + -37).
-49
Evaluate 17 - 20 - 27 - (-20 + 16).
-26
What is the value of -59 + -138 + 112 + 93?
8
What is -61 + (3 - (19 - 13)) - 2?
-66
Calculate -2 + 5 + -3 + 20 + -7 + -28.
-15
What is the value of -19 + (14 - (-3 - 12)) + -34?
-24
What is the value of (256 + -238 - (-33 + 1)) + 26?
76
(-1 - 5) + -5 + 4 + (292 - 365)
-80
Calculate 10 - (-18 - -9 - -7) - (37 - 22).
-3
Calculate 41 + (-46 - -19) + 16.
30
What is 23 + 68 + 13 + -122?
-18
What is the value of 66 + 87 + (-138 - -44)?
59
What is -20 + -119 + -20 + 76 + 0 + -4?
-87
Calculate -128 - (14 + (-36 - -4) + -12).
-98
Calculate (62 + (-15 - -4) - 10) + -8.
33
Calculate 29 - (-30 - -110) - -4.
-47
What is (-196 - -69 - -68) + 78?
19
Calculate (18 - (-4 - (12 + -8))) + -4 + (-5 - -17).
34
Calculate -9 - (-15 + 1 + -17 - -9).
13
What is the value of -59 + (-9 - -71) + -4?
-1
Calculate -36 + 45 - ((54 - (-2 + 2)) + 11) - 3.
-59
-36 - (-70 + (42 - -5))
-13
-39 - (-2 + 7 + (-36 - -32))
-40
What is 181 - (28 + -13) - (33 + 18 + -28)?
143
What is the value of 5 + -47 + (206 - 103)?
61
Evaluate 4 - (40 + (9 + 1 - 23 - (-14 + 4))).
-33
-3 + (24 + -10 - 24) + (-2 - -1)
-14
Calculate 94 + -31 - (41 + 20).
2
Calculate (1 + 0 - 108) + -25 + 204 + -182.
-110
What is the value of 1755 + -1681 - (-2 + -6)?
82
-7 - (30 + -20 + -9) - (0 - (-4 - 18))
-30
Calculate -2 + -102 + 69 + (19 - 8).
-24
Evaluate -6 - ((-9 - -20) + -21 + -8) - -1.
13
What is -10 + -7 + (-17 + 19 - 15)?
-30
6 - -40 - (-215 - -250)
11
What is the value of 38 - (-14 + 10 + (3 - -2))?
37
Calculate 29 + -23 - (-129 + 110).
25
Calculate 23 + 44 - 43 - (1 - 18).
41
Calculate -960 - -887 - (-1 + 5).
-77
Calculate (-747 - -750) + 0 + -2 + 30.
31
What is the value of -9 + 51 + -5 + (-11 - (-14 + 11)) + 10?
39
Evaluate 2 - (1 + -135) - (11 + -1 + -168 + 169).
125
What is the value of -31 - (-1 + ((8 - 10) + 14 - -5))?
-47
8 - 23 - -16 - -32 - -10
43
What is (16 - 10 - -18) + (-131 - -108)?
1
(4105 - 4095) + (0 + -7 - -1) - 17
-13
Calculate -6 - (5 + 8) - (64 - 44).
-39
What is the value of 43 + 145 + -213 + 66 + (2 - 1) + -10?
32
144 + -67 - 149 - -116
44
What is the value of 0 - (-24 + -6 + 15 + 38 - 6)?
-17
What is the value of 2 + -34 + (235 - (-25 - -160))?
68
Evaluate 61 + 96 + (-35 - 170).
-48